{"id":1059,"date":"2021-06-09T19:14:00","date_gmt":"2021-06-09T17:14:00","guid":{"rendered":"https:\/\/immomoulinsetangs.fr\/?post_type=product&#038;p=1059"},"modified":"2024-05-05T10:52:23","modified_gmt":"2024-05-05T08:52:23","slug":"etang-12-ha-en-limousin","status":"publish","type":"product","link":"https:\/\/immomoulinsetangs.fr\/?product=etang-12-ha-en-limousin","title":{"rendered":"Etang 12 ha en Limousin"},"content":{"rendered":"<p>L\u2019\u00e9tang principal de 12 ha est fond\u00e9 en titre.<br \/>\nD\u2019autres \u00e9tangs de tailles diverses, ont \u00e9t\u00e9 cr\u00e9\u00e9s depuis portant la surface en eau totale \u00e0 16 ha.<\/p>\n<p>Grande propri\u00e9t\u00e9 avec b\u00e2timents en bon \u00e9tat, prairies et parcelles bois\u00e9es.<\/p>\n<p>Le prix souhait\u00e9 par le vendeur est justifi\u00e9, eu \u00e9gard aux prestations g\u00e9n\u00e9rales.<\/p>\n<p>Les informations sur les risques auxquels ce bien est expos\u00e9 sont disponibles sur le site G\u00e9orisques : <a href=\"https:\/\/www.georisques.gouv.fr\">https:\/\/www.georisques.gouv.fr<\/a><\/p>\n","protected":false},"excerpt":{"rendered":"<p>[Valorisations : r\u00e9sidence principale confortable, carpistes, g\u00eetes de p\u00eache, habitat insolite&#8230;]<\/p>\n","protected":false},"featured_media":1062,"template":"","meta":{"neve_meta_sidebar":"","neve_meta_container":"","neve_meta_enable_content_width":"off","neve_meta_content_width":70,"neve_meta_title_alignment":"","neve_meta_author_avatar":"","neve_post_elements_order":"","neve_meta_disable_header":"","neve_meta_disable_footer":"","neve_meta_disable_title":""},"product_brand":[],"product_cat":[17],"product_tag":[],"class_list":{"0":"post-1059","1":"product","2":"type-product","3":"status-publish","4":"has-post-thumbnail","6":"product_cat-etangs","8":"first","9":"instock","10":"sold-individually","11":"shipping-taxable","12":"purchasable","13":"product-type-simple"},"aioseo_notices":[],"_links":{"self":[{"href":"https:\/\/immomoulinsetangs.fr\/index.php?rest_route=\/wp\/v2\/product\/1059","targetHints":{"allow":["GET"]}}],"collection":[{"href":"https:\/\/immomoulinsetangs.fr\/index.php?rest_route=\/wp\/v2\/product"}],"about":[{"href":"https:\/\/immomoulinsetangs.fr\/index.php?rest_route=\/wp\/v2\/types\/product"}],"wp:featuredmedia":[{"embeddable":true,"href":"https:\/\/immomoulinsetangs.fr\/index.php?rest_route=\/wp\/v2\/media\/1062"}],"wp:attachment":[{"href":"https:\/\/immomoulinsetangs.fr\/index.php?rest_route=%2Fwp%2Fv2%2Fmedia&parent=1059"}],"wp:term":[{"taxonomy":"product_brand","embeddable":true,"href":"https:\/\/immomoulinsetangs.fr\/index.php?rest_route=%2Fwp%2Fv2%2Fproduct_brand&post=1059"},{"taxonomy":"product_cat","embeddable":true,"href":"https:\/\/immomoulinsetangs.fr\/index.php?rest_route=%2Fwp%2Fv2%2Fproduct_cat&post=1059"},{"taxonomy":"product_tag","embeddable":true,"href":"https:\/\/immomoulinsetangs.fr\/index.php?rest_route=%2Fwp%2Fv2%2Fproduct_tag&post=1059"}],"curies":[{"name":"wp","href":"https:\/\/api.w.org\/{rel}","templated":true}]}}